 3. Let a be t(2). Suppose 3*h + 42 = a*f, -2*h + 17 = 3*f - 30. What is the highest common divisor of f and 10?
5
Let j be -2*9/6 + 73. Let o be j/6 + (-1)/(-3). Calculate the highest common divisor of 108 and o.
12
Let t = -94 + 238. Suppose 0*h = -h + t. What is the highest common factor of h and 16?
16
Let x = 10 - -6. Let a = x - 8. What is the highest common factor of 8 and a?
8
Let r(c) = 7*c - 3*c - 2*c + 2*c - 4. Let m be r(4). What is the greatest common divisor of 18 and m?
6
Suppose 3*q + 4*b - 232 = 0, -q + 6*q - 340 = 5*b. Suppose d = 1 + 13. Let l = d + -5. What is the highest common divisor of l and q?
9
Let x = 34 + -26. What is the highest common factor of 88 and x?
8
Suppose -3*z + 6 = h + 2*h, 5*h = 3*z + 10. Let f be 7 - 5 - (-43 - z). What is the greatest common factor of f and 5?
5
Let c be (-2)/(-3) - (-2060)/(-12). Let f = -56 - c. Let l be (-3 - 30/(-9))*69. What is the greatest common factor of l and f?
23
Let h be (3/9)/(1/12). Calculate the highest common divisor of h and 8.
4
Suppose -4*g = -2 - 58. What is the highest common factor of 135 and g?
15
Let t(w) = 75*w**2 + 2*w + 2. Let s be t(-1). What is the greatest common factor of s and 30?
15
Let p = -7 - -16. Let l = -5 + p. What is the highest common divisor of l and 10?
2
Suppose -h + 4 = h. Let s be (h - 1968/(-3)) + -3. Suppose -4*r - 5*k + 32 = -533, 5*r - 4*k - s = 0. What is the greatest common factor of r and 15?
15
Let b = -17 + 23. Let r(w) = -w + 8. Let j be r(4). Suppose 4*q + 5*u - 37 = 0, -u - 2*u = -j*q - 3. Calculate the highest common factor of q and b.
3
Suppose -r = -5*r + 16. Suppose r*l + 3*g = -g + 304, 0 = -5*g - 20. Let v(b) = 23*b**2 + 3*b. Let n be v(-1). What is the greatest common divisor of l and n?
20
Suppose -5*b + 7 + 18 = 0. Let v = 0 + b. Let h be (2 + 1)/((-12)/(-8)). What is the highest common factor of v and h?
1
Suppose -7*x = -2*x - 30. Calculate the highest common divisor of 15 and x.
3
Let q be (-14)/(-2)*(-1 + 0). Let h be (-498)/(-21) + (-2)/q. Let x(p) = p**3 + 7*p**2 - p + 5. Let n be x(-7). Calculate the highest common factor of h and n.
12
Suppose 5*t + v = 3*v + 19, -11 = -3*t + v. What is the highest common divisor of t and 27?
3
Suppose -d + 4 = -4*a - 6, 3*d - 30 = -3*a. Suppose -10*w + 140 = -8*w. Calculate the highest common divisor of d and w.
10
Let l(y) = -y**2 + 8*y - 9. Let k be l(7). Let m be k/9 - 580/(-18). Suppose m = 5*n + 7. What is the greatest common divisor of 55 and n?
5
Let t be 126/(3/(-9)*-6). Suppose -5*s + 3*s = -3*g - 24, -4*g = 4*s - 28. Calculate the greatest common divisor of s and t.
9
Suppose -l = 0, 0*j + 4*j + 5*l = 16. Suppose j*t = t + 45. Calculate the highest common divisor of 5 and t.
5
Suppose -3*r - 12 = 6. Let a = -2 - r. What is the greatest common divisor of 32 and a?
4
Let z(t) = -t + 11. Suppose -8 = -2*a + 14. Let p be z(a). Suppose p = -m + 4*h - 10, 0 = -h + 2*h - 3. What is the greatest common factor of m and 6?
2
Let w be 2/(-6) + (-13)/(-3). Suppose 4*t + 2 - 42 = -w*f, -4*f + 10 = -2*t. Calculate the highest common factor of t and 55.
5
Suppose 0 = -2*i - 2*i + b + 314, 3*i = 4*b + 242. Let o = i - -10. What is the greatest common divisor of o and 22?
22
Let v(x) = 9*x - 52. Let r be v(10). What is the greatest common factor of 266 and r?
38
Suppose 2*l - 5*c = 3, -l - 4*c = -0*c - 8. Suppose l*w - 2*w - 12 = 0. Let j be 2/(-10) + 482/10. Calculate the highest common divisor of w and j.
6
Suppose 0 = i + 2 - 4. Let v be 7 + -2 + i + -2. Calculate the greatest common factor of v and 10.
5
Suppose -12 = -2*k + 2*p, 1 = k + p - 13. Suppose -300 = -w - 3*w. Suppose 0 = -12*m + 9*m + w. Calculate the highest common factor of k and m.
5
Let c = -92 - -140. What is the highest common factor of 120 and c?
24
Let h(p) = -p + 35. Let d be h(11). Calculate the highest common divisor of 216 and d.
24
Let z(b) = -9*b**2 - b**3 + 9 + 0*b**3 + 0*b**3. Let n be z(-9). Calculate the greatest common divisor of 18 and n.
9
Suppose -1047 = -5*n + y, -4*y = n + y - 199. What is the greatest common divisor of 19 and n?
19
Let o be ((-36)/8)/(6/(-144)). What is the greatest common factor of 36 and o?
36
Let c = 37 + 67. Calculate the highest common factor of c and 13.
13
Suppose 0*r = -3*r + 2*w + 163, 5*w = r - 50. Let i = 2 + 3. What is the greatest common divisor of r and i?
5
Let z(h) = -h**2 - 7*h + 11. Let b be z(-7). Calculate the highest common divisor of b and 121.
11
Let j be 31/(-4) - 3/12. Let b be (2*2)/(j/(-12)). Calculate the greatest common factor of b and 12.
6
Let z = 7 - -11. Calculate the highest common divisor of 162 and z.
18
Suppose 2*g - 5*g - 15 = 0, -8 = 3*l - 2*g. Let f(q) = -q**3 - 10*q**2 - 8*q. Let k be f(-9). Let h = l - k. Calculate the greatest common divisor of h and 6.
3
Suppose -3*n - i = -2*n - 43, 3*n = -i + 123. What is the greatest common factor of n and 5?
5
Let j be (1 - 1) + (1 - -49). Suppose -4*n + 510 = -j. Let z(h) = 4*h - 6. Let y be z(5). Calculate the highest common factor of n and y.
14
Let c(x) = 2*x - 11. Let h be c(9). Let y = -3 + h. Suppose -y*u = -2*m - 7*u + 20, m = -4*u + 10. Calculate the highest common divisor of 10 and m.
10
Suppose -4*t + 2*w - 6 = 0, -t - t = -4*w + 18. Let k be (-8)/(-28) + (-10)/(-14). What is the greatest common divisor of k and t?
1
Suppose 3*a + 2 + 4 = 0. Let w be 261/2 - 3/a. What is the highest common factor of 12 and w?
12
Let d = 1 - -15. Let l(b) = 3*b + 4. Let f be l(4). What is the highest common divisor of d and f?
16
Suppose -3*b = -4*b. Let l be -3 - b - (-2 - 76). Calculate the highest common factor of l and 30.
15
Let f = 382 + -235. Suppose -b + 42 = b. Calculate the highest common factor of b and f.
21
Suppose 8*a + 4*a - 96 = 0. Calculate the greatest common divisor of 64 and a.
8
Let b(v) = 4*v**2 - 4*v + 6. Let w be b(4). Calculate the greatest common factor of w and 36.
18
Suppose 0*u = 2*u + 4*p - 32, 3*u = -3*p + 45. Let k = u - 1. Calculate the greatest common divisor of 104 and k.
13
Let a be 153/2 + 2 + (-27)/18. Let t be 2/6 - (-40)/6. What is the greatest common divisor of a and t?
7
Let b(r) = -r**2 - 9*r - 2. Let z(j) = -j**2 - j + 4. Let q be z(-4). Let n be b(q). Let c be n/((-3)/8*-2). What is the greatest common divisor of 2 and c?
2
Let o = 71 + -47. Calculate the greatest common factor of o and 3.
3
Suppose -3*i = -0*i + 2*s - 2, 0 = -2*i - 2*s - 2. Suppose 5*k = i*z + 671, -262 = -2*k - 4*z + 12. Calculate the greatest common divisor of k and 15.
15
Let a(g) = g + 6 + 3 + g**2 - 4. Suppose -3*m + 6 = -2*o - 3, -2*m + 6 = -o. Let s be a(o). Calculate the greatest common factor of 40 and s.
5
Let k(t) = t + 10. Let b be k(-6). Let q = 29 + -1. Let n = -27 + q. What is the greatest common divisor of b and n?
1
Suppose w - 48 = -w. Calculate the greatest common factor of w and 6.
6
Let s(z) = -2 - 2*z + 6*z + 0*z - 6*z. Let v be s(-5). What is the greatest common divisor of 4 and v?
4
Let l(y) = y**2 + 8*y + 10. Let v be l(-7). Let n be 1/2*(-6)/v. Let i be (n/1 - 0) + 2. What is the highest common factor of 5 and i?
1
Let h be (-1)/(-6) - (-58)/12. Calculate the greatest common divisor of 5 and h.
5
Let s(f) = f**3 - 5*f**2 - 1. Let g be s(6). Let a(c) = 2*c**2 + 2*c + 3. Let m be a(-2). What is the greatest common factor of m and g?
7
Let w be (-2)/(-4) - 391/(-34). Let x = -151 + 214. Let a = -3 + x. What is the greatest common factor of w and a?
12
Let m = 2 - -3. Suppose 0 = m*g - 5 + 15. Let h be -3*g*4/3. Calculate the highest common factor of h and 8.
8
Suppose 7 = 2*i - 5. Suppose -2*x - 45 + 9 = 0. Let r = 36 + x. What is the highest common divisor of i and r?
6
Let f be (-10)/15 - 14/(-3). Let h = f + 2. What is the greatest common factor of h and 48?
6
Suppose -2*v - 10 = -4*v. Suppose v = -3*m - 5*x + 27, -5*m + 3*x + 82 = 0. Calculate the greatest common factor of 70 and m.
14
Let b = -10 + 14. Suppose b = v - 1. Calculate the greatest common factor of 15 and v.
5
Let o be 1*(33 - 2) + -5. What is the greatest common divisor of o and 13?
13
Let h = 15 - 11. Suppose k - 5 = -1. Calculate the highest common factor of k and h.
4
Let h be ((-12)/36)/((-1)/(-96)*-2). What is the greatest common factor of 176 and h?
16
Let n = 7 - 3. Let t(j) = -j**3 + 3*j**